5. What are the prime factors of k(15)?
5, 11
Let f be (-6)/(-4)*(-20)/(-15). Let n = 1 + 3. Suppose -n*c + 184 = -2*k + 6*k, 0 = -2*k + f. What are the prime factors of c?
3, 5
Let g be ((-12)/15)/((-20)/50). Suppose g*w - 9 = -k, k + 11 = 4*w - 10. List the prime factors of w.
5
Let v = -2 - -14. Let i = v + -4. Suppose x + 3 = 0, 2*h - i = -3*x + 29. What are the prime factors of h?
23
Let k = -44 + 38. What are the prime factors of 460/15 + k/9?
2, 3, 5
Let r = -10 + -42. Let q = 28 - r. What are the prime factors of q?
2, 5
Let b = -5 - -4. What are the prime factors of b*(-60 - (-12)/(-3))?
2
Suppose 2*m = -3*h - 6, 3*m + 2*m + 15 = 4*h. Suppose 7*y - y - 858 = h. List the prime factors of y.
11, 13
Suppose 3*r + 3 = 0, -2*r - 830 = -3*g + 270. List the prime factors of g.
2, 3, 61
Suppose 3*a - 803 = 850. What are the prime factors of a?
19, 29
List the prime factors of (-21)/42 - 1986/(-4).
2, 31
Let t be -6*1/(-3)*3. List the prime factors of (t - -3)*(-36)/(-4).
3
Let u be 50/225 + 20/(-9). Let y(h) be the second derivative of 11*h**4/12 - h**3/6 - h**2/2 + 3*h. What are the prime factors of y(u)?
3, 5
Let b(c) = -10*c**3 + 2*c**2 + 10*c + 12. List the prime factors of b(-4).
2, 7, 23
Let o(t) = -15*t + 4. Let w(x) = -90*x + 23. Let d(l) = -34*o(l) + 6*w(l). List the prime factors of d(-1).
2
Let i(z) = z**2 + 10*z + 15. Let n be i(-7). Let c(o) = -17*o + 25. List the prime factors of c(n).
127
Let t(m) = -m**3 + 5*m**2 + 20*m - 1. List the prime factors of t(7).
41
Let z = 4222 + -2906. List the prime factors of z.
2, 7, 47
Suppose 2*f = -0*y + 3*y - 117, 3*f - 4*y + 173 = 0. Let g = f + 102. What are the prime factors of g?
3, 17
Let c(l) = 17*l. Let y = 1 - -1. List the prime factors of c(y).
2, 17
Let o be (4 - 1)/(1 + 0). Let y(u) = -2*u - 3 - o*u + 0*u. List the prime factors of y(-10).
47
Let r = 39 - 11. List the prime factors of 574/8 - (-2 + r/16).
2, 3
Let x(a) = a**3 + 4*a**2 - 6*a - 7. Let o be x(-5). Let y(l) = -2*l**3 - 4*l**2 - 2*l + 2. What are the prime factors of y(o)?
2, 3
Let y(t) = -t**3 - 2*t**2 - 6*t - 4. Let b be y(-5). Let s = b - 25. What are the prime factors of s?
2, 19
Let n(a) = 25 - 4 - 16*a**2 + a**3 + 0 - 9*a - 8*a. What are the prime factors of n(17)?
3, 7
Let f(c) = c**3 + 3*c**2 - 6*c - 4. Let r be f(-4). Let o be (22/r)/((-1)/(-6)). List the prime factors of (-2)/(2/o*-3).
11
Let n = 178 - 96. Let d = n + -27. What are the prime factors of d?
5, 11
Suppose -30*o + 2863 = -23*o. What are the prime factors of o?
409
Let d be 12*-1*(-2 - 9/(-6)). Suppose 4*f - d*f = -128. List the prime factors of f.
2
Suppose k + 6 = -n, -4*k + 3*n = 5*n + 26. List the prime factors of ((-72)/(-21))/(k/(-49)).
2, 3
List the prime factors of (-9802)/(-6) - (-22)/(-33).
23, 71
What are the prime factors of (-1)/((-28)/(-98) - (-1338)/(-4634))?
331
Let f(t) = -t - 10. Let k = 14 + -20. Let q be f(k). What are the prime factors of q/(2 - (-26)/(-12))?
2, 3
List the prime factors of ((-6)/(-5))/(174/201405).
3, 463
Suppose 0 = -2*s + 6, 5*s = 4*x + 7 - 0. Suppose -5*r - 15 = -x*r. List the prime factors of 0 - 5*(2 + r).
3, 5
Let s be (411/12)/(1/(-4)). Let o = 201 + s. What are the prime factors of o?
2
Let j(w) be the first derivative of 51*w**2 + 2*w + 23. List the prime factors of j(2).
2, 103
Let a(b) = b**3 - 4*b**2 - 5*b + 5. Let r be ((-20)/(-12))/(4/12). Let p be a(r). Suppose 5*j = -5*t + 68 + 12, t + p = 0. List the prime factors of j.
3, 7
Let b be (-3 + 2)*(1 - 6). Let i = -319 + 373. Suppose -c - 2*h = -i, 0 = 2*c + 6*h - b*h - 96. List the prime factors of c.
2, 23
Let a(n) = 1 - 3*n**2 + 11*n - 12*n - 4*n**2. Let u be a(-2). Let b = -1 - u. List the prime factors of b.
2, 3
Let z(d) = d**3 - d + 19. Let i be z(0). Suppose -4 = -5*p - i. What are the prime factors of 38 + 0*p/9?
2, 19
Suppose 6*m + 19 = 2*m + 3*j, m - 3*j + 7 = 0. Let z be (m + 1)/(42/(-56)). Suppose -5*q + 15 = -z*q + 4*f, 3*f = 2*q - 19. List the prime factors of q.
11
Let h = 175 - 73. Suppose h + 69 = s. What are the prime factors of s?
3, 19
Let k = 647 + 67. What are the prime factors of k?
2, 3, 7, 17
Suppose 3*h - 11*h = -17960. List the prime factors of h.
5, 449
What are the prime factors of 96/(-336) + (-30188)/(-14)?
2, 7, 11
Let c be (-1 + 6/4)*0. Let k be c + 0*(-3)/6. Suppose -2*a + a + 15 = k. What are the prime factors of a?
3, 5
What are the prime factors of (1187/(-7))/(70/(-490))?
1187
Let o = 510 + -443. What are the prime factors of o?
67
Let d(n) = -8*n - 9*n**2 + n**2 + n**3 + 8 + 2*n**2. Let j be d(7). What are the prime factors of j + 2 + -2 - -16?
17
Let p(u) be the first derivative of -6*u + 3*u**2 + 3*u + 0*u - 10. List the prime factors of p(10).
3, 19
Suppose 15*z - 10*z = 0. Let a be 7/(-28)*(z + -20). Let b(c) = -c**3 + 6*c**2 - 3*c - 5. List the prime factors of b(a).
5
What are the prime factors of 48162/36 + (-1)/(-6) - 6?
2, 3, 37
What are the prime factors of (-53)/106 + 2614/4?
653
Let i = -474 - -972. List the prime factors of i.
2, 3, 83
Let g(u) = u**2 - 4*u - 91. List the prime factors of g(28).
7, 83
Let k(p) = p + 14. Let r be k(0). Suppose 8*u = r - 54. List the prime factors of (-1)/(u/430*2).
43
Suppose -3*v + 7*v = 104. List the prime factors of v.
2, 13
Let a be -156*((-9)/(-15) + (-28)/30). Suppose -19 = i + 15. Let u = a + i. What are the prime factors of u?
2, 3
Let x be (-96)/(-1)*(-1)/(-3)*11. Suppose -3*t = -4*f + x, -4*f + 2*f + 162 = -5*t. List the prime factors of f.
7, 13
Let i(t) = -t**3 + 9*t**2 + 10. Let l be i(10). Let h be (-176)/18 - (-20)/l. List the prime factors of 5/(h/4) - -40.
2, 19
Let p = -891 - -897. Suppose -233 + 53 = 5*i. List the prime factors of i/16*(-64)/p.
2, 3
Let j be 1640/35 - (-2)/14. Let l(d) = d**3 + 6*d**2 - d + 1. Let x be l(-3). Let b = j - x. List the prime factors of b.
2
Let h be 1/(-1)*-95 - (-49 - -46). Suppose -5*m + 2*m = t - h, 4*m - 144 = 2*t. What are the prime factors of m?
2, 17
Let x(d) = 10*d**2 + 14*d + 14. Suppose -17*g + 29 - 114 = 0. What are the prime factors of x(g)?
2, 97
Let o(b) = -7*b - 2. Let m(i) be the third derivative of i**5/60 - i**4/6 - 2*i**3/3 - 7*i**2. Let p be m(3). What are the prime factors of o(p)?
47
Let u be 8/28 - (-38)/14. Suppose 2*j + u*j - 2*m + 11 = 0, 4*j + 3*m + 18 = 0. List the prime factors of j - (87/(-3) - 3).
29
Let k = 1443 - 597. What are the prime factors of k?
2, 3, 47
Let c = 27 + -24. Let b = -1 + c. Suppose -232 + 96 = -b*o. List the prime factors of o.
2, 17
Let o(p) = 2*p. Let a be o(3). Suppose -a = 2*y - 14. Suppose y*m = 12, 8*m - 4*m + 53 = 5*z. What are the prime factors of z?
13
Let s(n) = -n + 11. Let b be 6*-4*3/(-9). What are the prime factors of s(b)?
3
Suppose -2*f - 15 = 3*f, 0 = -4*a + 5*f + 3331. List the prime factors of a.
829
Suppose -3*d = -5*v - 353, 0 = d - 5*v - 69 - 32. List the prime factors of d.
2, 3, 7
Suppose 2*j + 5*t - 65 = 0, -2*j + 57 = 3*t - 18. What are the prime factors of j?
3, 5
Suppose 0 = -5*p - 418 + 4083. List the prime factors of p.
733
Let t = 948 + -514. What are the prime factors of t?
2, 7, 31
Let m(z) = z**2 + 20*z + 39. Let j be m(-18). Suppose -j*q - 171 = -678. List the prime factors of q.
13
Suppose 2*f = 5*o + 3893, -f - 3*o - 105 = -2035. What are the prime factors of f?
7, 277
Let i(b) = 3*b**3 - 7*b**2 - 11*b + 9. Let n be i(6). Suppose 0 = 4*k - a - n, -26 = -k + 2*a + 50. List the prime factors of k.
2, 43
Let w = -4896 + 10104. What are the prime factors of w?
2, 3, 7, 31
What are the prime factors of ((-3 - -2) + 843)/(54/135)?
5, 421
Suppose -326 = -5*b - 131. Suppose -u = 3*p - 13, -4*u + 2*p = b - 133. Suppose 4*j + u = 74. List the prime factors of j.
13
Let a be 1/(66/(-21) - -3). What are the prime factors of 54/(a/(-5) + (1 - 2))?
3, 5
Let n(i) = i**3 + 12*i**2 - 1. Let f be n(-12). Let d(j) = 3*j - 6. Let m(o) = -o. Let z(p) = f*d(p) - 6*m(p). What are the prime factors of z(5)?
3, 7
Let k(i) = -15*i + 6 - 2 - i**2 - 1. List the prime factors of k(-9).
3, 19
Let j(a) = 26*a**3 + 3*a**2 - 18*a + 7. List the prime factors of j(4).
3, 61
Let g(y) = y**2 - 4*y + 266. Let v be g(0). Suppose 32 = -5*x - 2*t + 300, 0 = 5*x + 4*t - v. What are the prime factors of x?
2, 3
Suppose 5*b = -15, 0 = f - 2*b - 3*b - 193. List the p